/12*r**4 + 3*r**2 - 5/3*r**3. What are the prime factors of b(-8)?
2, 11
Suppose 1014*f - 995*f = 56031. List the prime factors of f.
3, 983
Suppose -4*r = 12, 2*p - 7*p + 38 = 4*r. Let h be 3*9 - (-1 + 1). Let o = h + p. List the prime factors of o.
37
List the prime factors of 3/(9 - (-9024)/(-1003)).
17, 59
Let p(b) = 51*b + 2. Let r = 20 - 19. Let z be p(r). Suppose -17 = -5*w + z. What are the prime factors of w?
2, 7
Suppose 5*f - 11*f + 12 = 0. Suppose 0 = -4*q + f*a + 344, 0 = -4*q - 4*a + 142 + 214. What are the prime factors of q?
3, 29
What are the prime factors of ((-116)/7)/((-271)/(-21) + -13)?
2, 3, 29
Suppose -1862*h + 12315 = -1859*h. List the prime factors of h.
5, 821
Let p be (-9)/(-6) + -1 - (-63)/(-6). List the prime factors of 206/(-8)*(p + 6).
103
Suppose -2*d = -5*d + 6. Suppose d*y = -4*j + 20, -y + 4 = 4*j - 18. Suppose j*s = s + 225. What are the prime factors of s?
3, 5
Let l be 7/(-3) - 11/(132/8). Let y(h) be the first derivative of -h**4/2 - 4*h**3/3 - h**2/2 + 4*h - 1. What are the prime factors of y(l)?
5
Let h(g) = 164*g - 37. List the prime factors of h(8).
3, 5, 17
Let k = 721 + -311. List the prime factors of k.
2, 5, 41
Let c(g) = g - 7. Let v(t) = t - 8. Let w be (-14)/(2 + -3 + -1). Let y(b) = w*c(b) - 6*v(b). List the prime factors of y(11).
2, 5
Suppose 0 = -q - 4*q + 100. What are the prime factors of 1 + (-2*q/8)/(-1)?
2, 3
Let n = -2278 - -3326. What are the prime factors of n?
2, 131
Let t(n) = -n**3 - 2*n**2 - 4*n - 3. Let j be (-2)/(6/(-3)) + -3. Let o be t(j). Let d(q) = -q**3 + 7*q**2 - 2*q - 6. What are the prime factors of d(o)?
2, 17
Let m(u) = 56*u**2 - 6*u - 3. What are the prime factors of m(3)?
3, 7, 23
Suppose -4*k + 995 + 229 = 0. What are the prime factors of k?
2, 3, 17
Let r(v) = -22*v**2 + 2*v - 6. Let t be r(2). Let i = t - -163. What are the prime factors of i?
73
Let t = -54 - -56. Let u(z) = 50*z - 4. List the prime factors of u(t).
2, 3
Suppose 2*r - 22 = j, 4*r + 4 = j - 2*j. Let s = 55 + j. List the prime factors of s.
3, 13
Let h(m) be the first derivative of -m**4/4 - 5*m**3/3 - 2*m**2 + 4*m - 4. List the prime factors of h(-4).
2
Let w(l) = l**2 - 2*l - 1. Let r be w(3). Let b(i) = i - 4*i**r + 63 + 10*i**2 - 62. What are the prime factors of b(-2)?
23
Let i(d) = -d**2 + 8*d + 23. Let v be i(10). Suppose j = -v*u + 42, -2*u - j = -6*j - 45. What are the prime factors of u?
3, 5
Let u(k) = 3 + 8*k - 6*k - 5*k - 15*k. List the prime factors of u(-8).
3, 7
Let h be ((-9)/6)/(7/(-14)). What are the prime factors of (h - 21/9) + 644/6?
2, 3
Suppose 17*r = 9 + 25. What are the prime factors of r + 2 + -1 - (-258)/2?
2, 3, 11
Suppose -2*a + 6*a - 12 = 5*i, 2*a + 12 = -2*i. Let y(t) = -8*t**2 - 2*t + 8. Let u be y(i). Let g = u + 166. What are the prime factors of g?
2, 3
Let d = -473 - -947. List the prime factors of d.
2, 3, 79
Let s(n) be the third derivative of n**5/60 + 11*n**3/6 - 15*n**2. List the prime factors of s(7).
2, 3, 5
Let m = 106 - -4. Let t = -70 + m. List the prime factors of t.
2, 5
Suppose -162*g = -133*g - 40861. What are the prime factors of g?
1409
Suppose 12*d = 16*d - 4. Let o = d - 13. Let i = o - -36. What are the prime factors of i?
2, 3
Suppose 29*f = 28*f + 250. List the prime factors of ((-24)/(-20))/(2/f).
2, 3, 5
Let g = -38 + 41. Suppose 242 - 23 = g*m. What are the prime factors of m?
73
Let v be (-21)/(-2)*20/(-15). Let z = v + 17. Suppose z*s - 105 = -0*s. What are the prime factors of s?
5, 7
Let w be -3 + 2 - (81 + 1). Let g = w - -120. What are the prime factors of g?
37
Let x(f) = -f**3 + f + 4*f - 1 - 10*f + 6*f**2. Let z be x(5). What are the prime factors of 6/(-3)*7*z?
2, 7
Suppose -3*g + 582 = -1155. List the prime factors of g.
3, 193
Let s(z) = 32*z + 2. Let u be s(1). Let d = u + -30. Suppose d*m - 8*m + 268 = 0. List the prime factors of m.
67
Suppose -25*r + 3816 = -r. What are the prime factors of r?
3, 53
Let h be (-15)/(-60)*(11 - -1). Suppose 4*k + 2*q - 44 = 0, 5*k + 0*q + h*q - 55 = 0. List the prime factors of k.
11
Suppose -5*l = d + 2*d - 891, -l = 3*d - 183. Suppose -2*t + 3 = -l. What are the prime factors of t?
2, 3, 5
Let u = 75 - 73. Suppose 0 = -m + 3, 7*m - u*m + 400 = 5*p. What are the prime factors of p?
83
Suppose 2*r + r = 15. Suppose 0 = r*t + 52 + 38. Let h = 30 - t. What are the prime factors of h?
2, 3
Let f = 228 - -760. What are the prime factors of f?
2, 13, 19
Let f(l) = -11*l + 8 + 9*l**2 - 3*l + 2*l - 8*l**2. Suppose 5*y - 3*y - 26 = 0. What are the prime factors of f(y)?
3, 7
Suppose 2*q - 5*c - 19 = -2*c, q + 4*c - 26 = 0. Suppose q*d + 1266 = 5592. List the prime factors of d.
3, 103
What are the prime factors of (-1)/5 + 248703/65?
2, 1913
Let c(f) = -7*f + 2. Let n(w) = -3*w + 7. Let k be n(5). What are the prime factors of c(k)?
2, 29
Suppose 0 = -11*q + 2*q + 3537. What are the prime factors of q?
3, 131
Let o = 144 + 71. What are the prime factors of o?
5, 43
Let p = -13 + 132. Suppose x - 4*s = 82, -3*x = -x + s - p. List the prime factors of x.
2, 31
Let d = 61 - 61. Suppose -z - 58 = -l, -3*l + 2*z - 5*z + 156 = d. What are the prime factors of l?
5, 11
List the prime factors of (-12)/10 + (-71449)/(-295).
241
Let f(u) = 8*u**3 - 6*u**2 + 25*u + 23. List the prime factors of f(6).
5, 337
Let s(r) = -18*r + 96. What are the prime factors of s(-18)?
2, 3, 5, 7
Let d(t) = t + 4. Let v be d(4). List the prime factors of 1*v*(5 + -3).
2
Suppose -6 = -3*y - 0. Let t(z) = 2*z + 5*z - 3 + 4*z - 4 - z**y. What are the prime factors of t(4)?
3, 7
Let g be 2 + (-3 - -2) - -60. Suppose -t = g - 335. Suppose -5*d + t = -1. What are the prime factors of d?
5, 11
Suppose -12*s - 9636 = -4*i - 16*s, -5*s = -4*i + 9609. What are the prime factors of i?
2, 3, 401
Let v(c) = c**2 + 3*c + 165. What are the prime factors of v(0)?
3, 5, 11
Let h(r) be the third derivative of 31*r**4/24 + 13*r**3/6 + 39*r**2. What are the prime factors of h(3)?
2, 53
Let l(q) = q**2 - 5. Let x be l(-5). Let r(n) = n**3 - 19*n**2 - 6*n - 37. What are the prime factors of r(x)?
3
Let f(w) = -w**2 - 104*w + 309. What are the prime factors of f(-51)?
2, 3, 251
Let n(o) = 5 + 0 - 23 + 2*o. Let x be n(15). Let y = x - 7. What are the prime factors of y?
5
Let d(h) = -h**2 - 11*h + 17. Let s be d(-12). Let k(w) = 8*w + s + w**2 - 6*w - 2*w**2 + 5*w. What are the prime factors of k(4)?
17
Suppose 0 + 10 = 5*d. Suppose 3*h + d*g = 252, 0 = 3*h - 0*h - 3*g - 237. Suppose -4*u + h = 34. List the prime factors of u.
2, 3
Let v be 4 - (2 + -2)/3. Suppose 1 = a - v*a + 5*x, -x + 8 = 2*a. Suppose 3*o - 34 = -3*u - u, 2*u = -a*o + 26. List the prime factors of o.
2, 3
Let f(p) = p**2 - 33*p - 1. List the prime factors of f(35).
3, 23
List the prime factors of 1379 + -3 + -7 + 0.
37
Let v(m) be the third derivative of 0 - 5/6*m**3 - 2/15*m**5 + 1/120*m**6 - 1/12*m**4 + 0*m - 9*m**2. List the prime factors of v(9).
2, 29
Suppose -3*o = 5*r - 280, 2*r + 2*o = -r + 167. List the prime factors of r.
59
Let o(p) = p**2 - 27*p + 16. List the prime factors of o(44).
2, 191
Suppose 12*k = -466 + 2374. List the prime factors of k.
3, 53
Let i = 1097 - 553. What are the prime factors of i?
2, 17
Let m = 23 - 41. Let y(p) = p**2 + 14*p + 2. List the prime factors of y(m).
2, 37
Let w(n) = -37*n**3 + 4*n**2 + 13*n + 25. List the prime factors of w(-4).
5, 13, 37
Let u(r) = 0*r**2 - 5*r**2 - 7 - 45*r + 4*r**2 - 2*r**2. List the prime factors of u(-13).
71
Suppose n = 5*t - 4*n + 25, 19 = t + 5*n. Let z(r) = -r**3 - 11*r**2 + 15. Let j be z(-11). List the prime factors of (4/2 - j)/t.
13
Suppose 3*t - 2598 = -3*o, -4*o + 1718 = 2*t - 1736. What are the prime factors of o?
3, 7, 41
Suppose 0*n - 5*n - 5*l = -1480, -1208 = -4*n + 2*l. List the prime factors of n.
2, 3, 5
Let m = 634 + 3074. What are the prime factors of m?
2, 3, 103
What are the prime factors of 4667 + (3 + 0)/(9/6)?
7, 23, 29
Suppose -253 = -t + 5*o - 34, o - 1121 = -5*t. Let m be (t/(-24))/((-2)/18). Suppose 3*c - 2*g - g - 36 = 0, 4*c + 5*g = m. What are the prime factors of c?
2
Let r be (-6)/15 + -13*12/(-15). List the prime factors of -1 + 294*5/r.
2, 73
Suppose 5*m - 330 = -0*m. Suppose -m = -g - 4*z, -g + 2*z + 174 = 3*g. List the prime factors of g.
2, 23
Suppose -702 - 414 = -9